igit of 430563947?
9
What is the hundred thousands digit of 3071635335?
6
What is the units digit of 36403015?
5
What is the thousands digit of 753818465?
8
What is the hundred millions digit of 619051049?
6
What is the thousands digit of 84603734?
3
What is the millions digit of 487554403?
7
What is the tens digit of 73107556?
5
What is the thousands digit of 43616732?
6
What is the hundreds digit of 836408833?
8
What is the ten thousands digit of 1279446833?
4
What is the tens digit of 17284128?
2
What is the hundreds digit of 31793469?
4
What is the units digit of 593120084?
4
What is the hundred millions digit of 664949006?
6
What is the ten thousands digit of 201507435?
0
What is the ten millions digit of 104756162?
0
What is the millions digit of 81310449?
1
What is the thousands digit of 77445404?
5
What is the ten millions digit of 175805309?
7
What is the millions digit of 227837467?
7
What is the tens digit of 16464841?
4
What is the ten millions digit of 50000427?
5
What is the hundred millions digit of 2292399320?
2
What is the millions digit of 1330961938?
0
What is the tens digit of 162153030?
3
What is the thousands digit of 364783425?
3
What is the millions digit of 72396990?
2
What is the millions digit of 50739809?
0
What is the thousands digit of 208571349?
1
What is the hundred thousands digit of 386642900?
6
What is the millions digit of 4121256288?
1
What is the thousands digit of 61203524?
3
What is the tens digit of 71385967?
6
What is the hundred millions digit of 773974890?
7
What is the ten thousands digit of 301743209?
4
What is the hundreds digit of 7111661985?
9
What is the ten millions digit of 122830551?
2
What is the thousands digit of 40131336?
1
What is the ten thousands digit of 78630931?
3
What is the hundreds digit of 918306595?
5
What is the millions digit of 4042864121?
2
What is the ten thousands digit of 241455672?
5
What is the hundreds digit of 32678555?
5
What is the units digit of 25020055?
5
What is the thousands digit of 229774507?
4
What is the ten millions digit of 124113387?
2
What is the hundreds digit of 4853950411?
4
What is the ten millions digit of 34487233?
3
What is the ten thousands digit of 69064735?
6
What is the thousands digit of 221607119?
7
What is the ten millions digit of 30864724?
3
What is the hundred thousands digit of 7311643061?
6
What is the millions digit of 66634004?
6
What is the tens digit of 1639864?
6
What is the ten millions digit of 919036806?
1
What is the hundred millions digit of 385123996?
3
What is the hundred thousands digit of 328321881?
3
What is the thousands digit of 102720821?
0
What is the hundreds digit of 92286820?
8
What is the hundred millions digit of 192188286?
1
What is the hundreds digit of 2651244150?
1
What is the units digit of 12503805?
5
What is the millions digit of 364601598?
4
What is the ten millions digit of 12042058?
1
What is the hundred millions digit of 2387605210?
3
What is the millions digit of 400409694?
0
What is the units digit of 978097019?
9
What is the hundreds digit of 64050377?
3
What is the millions digit of 19800585?
9
What is the hundred thousands digit of 97691769?
6
What is the hundred thousands digit of 13326032?
3
What is the hundred millions digit of 348711209?
3
What is the millions digit of 308039688?
8
What is the hundred millions digit of 131296442?
1
What is the units digit of 91692198?
8
What is the units digit of 50540636?
6
What is the units digit of 105764813?
3
What is the hundred thousands digit of 619525163?
5
What is the units digit of 2389731189?
9
What is the ten thousands digit of 4016662229?
6
What is the hundred thousands digit of 1022785900?
7
What is the ten millions digit of 413644275?
1
What is the hundred thousands digit of 2344222869?
2
What is the units digit of 2831153025?
5
What is the hundred millions digit of 212749593?
2
What is the hundred millions digit of 3489902917?
4
What is the tens digit of 165678421?
2
What is the units digit of 53443118?
8
What is the units digit of 102157115?
5
What is the hundred millions digit of 807955493?
8
What is the ten millions digit of 232297754?
3
What is the ten millions digit of 79191622?
7
What is the hundred millions digit of 4302704697?
3
What is the ten millions digit of 591315723?
9
What is the hundreds digit of 295282886?
8
What is the ten thousands digit of 1675504?
7
What is the ten millions digit of 19607592?
1
What is the hundred millions digit of 1317542855?
3
What is the thousands digit of 1180534818?
4
What is the ten millions digit of 984443772?
8
What is the ten millions digit of 18788534?
1
What is the hundred millions digit of 231915360?
2
What is the ten thousands digit of 256221280?
2
What is the units digit of 2063333254?
4
What is the thousands digit of 8806037?
6
What is the hundreds digit of 39947404?
4
What is the hundred thousands digit of 241132475?
1
What is the tens digit of 51513756?
5
What is the hundred thousands digit of 4711810200?
8
What is the units digit of 86578823?
3
What is the hundreds digit of 674622494?
4
What is the tens digit of 762369970?
7
What is the thousands digit of 238636003?
6
What is the ten millions digit of 1890016180?
9
What is the millions digit of 178055115?
8
What is the thousands digit of 641753977?
3
What is the hundred thousands digit of 2956500620?
5
What is the tens digit of 844723140?
4
What is the hundreds digit of 212453385?
3
What is the hundreds digit of 4283688624?
6
What is the units digit of 215597390?
0
What is the hundred thousands digit of 242341051?
3
What is the ten millions digit of 322402405?
2
What is the thousands digit of 2003006484?
6
What is the hundreds digit of 313290324?
3
What is the ten millions digit of 393208740?
9
What is the thousands digit of 146742848?
2
What is the ten millions digit of 11800052?
1
What is the hundred millions digit of 185659723?
1
What is the hundred thousands digit of 1938821257?
8
What is the ten thousands digit of 106971510?
7
What is the ten millions digit of 571137085?
7
What is the millions digit of 1263375659?
3
What is the units digit of 16012480?
0
What is the thousands digit of 124557072?
7
What is the units digit of 279165782?
2
What is the ten millions digit of 39132469?
3
What is the hundred millions digit of 166566127?
1
What is the units digit of 301971705?
5
What is the ten millions digit of 33748395?
3
What is the hundreds digit of 107489937?
9
What is the ten millions digit of 178272627?
7
What is the ten millions digit of 216977495?
1
What is the thousands digit of 592486212?
6
What is the hundreds digit of 68683902?
9
What is the ten thousands digit of 1245158697?
5
What is the billions digit of 5029100078?
5
What is the hundred millions digit of 1225708078?
2
What is the ten millions digit of 46474241?
4
What is the hundred thousands digit of 73558358?
5
What is the ten thousands digit of 851836088?
3
What is the millions digit of 337432280?
7
What is the units digit of 402233814?
4
What is the hundred millions digit of 329229334?
3
What is the millions digit of 434817543?
4
What is the units digit of 121008164?
4
What is the tens digit of 74983718?
1
What is the ten thousands digit of 93401701?
0
What is the ten thousands digit of 74602135?
0
What is the millions digit of 3777093828?
7
What is the thousands digit of 108114973?
4
What is the hundreds digit of 9544052?
0
What is the tens digit of 57640150?
5
What is the ten millions digit of 30731832?
3
What is the tens digit of 77756685?
8
What is the hundreds digit of 8615795901?
9
What is the tens digit of 765477312?
1
What is the ten thousands digit of 65428993?
2
What is the tens digit of 208649559?
5
What is the millions digit of 38005851?
8
What is the ten thousands digit of 167114047?
1
What is the tens digit of 1709293022?
2
What is the ten thousands digit of 8301852831?
5
What is the ten millions digit of 1389241246?
8
What is the units digit of 1478694648?
8
What is the hundreds digit of 227597516?
5
What is the units digit of 668823023?
3
What is the ten thousands digit of 33755793?
5
What is the units digit of 2120766274?
4
What is the hundreds digit of 2148342165?
1
What is the tens digit of 2569632624?
2
What is the hundred thousands digit of 3